t c(x) = x**3 - 440*x**2 - 1355*x + 11535. Give c(443).
17
Let s(d) = -d**3 + 26*d**2 - 112*d - 886. Calculate s(-4).
42
Let s(a) = 235*a - 26355. Determine s(112).
-35
Let i(h) = h**3 - 31*h**2 - 2823*h + 85531. What is i(30)?
-59
Let b(z) = 2725*z + 65326. What is b(-24)?
-74
Let s(b) = -2*b**3 - 4*b**2 - 346. Give s(0).
-346
Let q(i) = -14*i**3 - 4847*i**2 - 1044*i - 2060. What is q(-346)?
16
Let j(d) = d**3 - 970*d**2 + 49*d + 891497. Determine j(969).
17
Let b(c) = -683*c**2 - 51240*c - 1142. What is b(-75)?
-17
Let j(d) = 4*d**3 + 31*d**2 + 274*d + 2258. Calculate j(-8).
2
Let o(d) = -12*d**3 - 1834*d**2 + 288*d - 2774. Give o(-153).
-20
Let n(w) = w**3 - 25*w**2 + 50*w + 206. Determine n(25).
1456
Let i(b) = 2*b**2 + 302*b + 11244. Determine i(-68).
-44
Let d(k) = -841848*k - 10102189. Give d(-12).
-13
Let i(s) = 305*s + 6207. Calculate i(-19).
412
Let u(v) = 260492*v + 1041871. Give u(-4).
-97
Let o(x) = 2328*x**2 + 6985*x + 9. Calculate o(-3).
6
Let a(q) = 4290*q**3 + 81508*q**2 - 56*q - 330. What is a(-19)?
12
Let p(s) = -s**3 - 491*s**2 + 7584*s + 85. Give p(15).
-5
Let s(z) = -317*z + 5252. Give s(19).
-771
Let o(h) = -7*h**2 + 576*h - 2495. Calculate o(4).
-303
Let q(r) = 30*r**2 - 13673*r - 360575. What is q(-25)?
0
Let l(j) = 8*j**2 - 3055*j + 201843. Calculate l(85).
-32
Let c(x) = -1406*x + 16980. Give c(12).
108
Let z(q) = -259*q - 1220. Calculate z(-5).
75
Let a(l) = -2*l**2 - 3540*l - 844049. Give a(-284).
-1
Let w(t) = 117*t**2 + 2434*t - 498. Determine w(-21).
-15
Let u(b) = -14*b**2 + 1135*b - 2295. Calculate u(79).
-4
Let k(f) = 364*f - 109183. What is k(300)?
17
Let s(d) = -2339*d + 81870. Give s(35).
5
Let h(w) = -3*w**3 + 61*w**2 - 120*w + 3422. What is h(21)?
20
Let j(m) = 1676899*m - 15092097. Calculate j(9).
-6
Let n(c) = 25962*c + 156322. What is n(-6)?
550
Let i(f) = -785*f - 196244. Determine i(-250).
6
Let d(x) = -x**3 + 137*x**2 - 529*x - 260. Calculate d(133).
139
Let j(l) = 4*l**2 - 182*l + 3278. What is j(17)?
1340
Let s(o) = o**2 + 573*o - 82428. Calculate s(118).
-890
Let t(v) = -10*v**2 + 1844*v - 7919. Determine t(180).
1
Let m(w) = w**2 - 35025*w - 1824014. Determine m(-52).
-10
Let p(u) = -34491*u + 689811. Calculate p(20).
-9
Let l(h) = -2*h**3 + 319*h**2 + 2150*h + 1337. Calculate l(166).
9
Let g(t) = -3*t**3 - 306*t**2 + 1963*t - 102. Calculate g(6).
12
Let p(o) = -8*o**2 + 590*o + 3920. Determine p(-7).
-602
Let y(v) = -2*v**2 + 39466*v - 78933. Calculate y(2).
-9
Let a(p) = -p**3 + 98*p**2 + 320*p - 31336. Give a(98).
24
Let h(m) = 2*m**3 + 40*m**2 - 840*m - 16563. Calculate h(-20).
237
Let g(x) = -2425*x + 9703. Determine g(4).
3
Let g(t) = -t**3 - 47*t**2 - 549*t + 161. What is g(-23)?
92
Let g(m) = 93*m - 1524. What is g(13)?
-315
Let l(i) = 387*i + 41791. Determine l(-108).
-5
Let s(n) = 16145*n + 581213. Give s(-36).
-7
Let u(f) = -18777*f - 506957. Give u(-27).
22
Let h(k) = 260*k + 1099. Calculate h(-5).
-201
Let s(y) = -2*y**3 - 353*y**2 - 8674*y - 134. What is s(-147)?
13
Let w(x) = -41821*x - 167291. Calculate w(-4).
-7
Let w(t) = 64*t**2 - 389*t - 2467. What is w(10)?
43
Let l(h) = 8948*h + 62733. What is l(-7)?
97
Let d(w) = w**3 - 44*w**2 - 41*w + 750. What is d(45)?
930
Let t(h) = -31316*h - 125178. Give t(-4).
86
Let y(u) = u**2 + 491*u + 5183. Determine y(-11).
-97
Let x(l) = -1083*l - 17067. Give x(-13).
-2988
Let a(d) = -82*d + 10942. What is a(124)?
774
Let k(b) = 8*b**2 + 852*b + 2347. Give k(-104).
267
Let r(f) = -4*f**2 - 204*f - 549. Give r(-3).
27
Let b(q) = 24*q**3 + 16*q**2 - 96*q + 132. Calculate b(2).
196
Let w(u) = -u**3 - 663*u**2 + 751*u + 57751. Give w(-664).
-17
Let i(b) = -2*b**3 - 91*b**2 + 10284*b - 605. Determine i(-98).
-17
Let z(f) = -3*f**2 + 4470*f - 66359. What is z(15)?
16
Let y(d) = -170827*d + 8712178. What is y(51)?
1
Let p(c) = -163300*c - 3755892. Determine p(-23).
8
Let w(r) = 41*r**3 - 219*r**2 - 39*r + 197. Calculate w(5).
-348
Let p(y) = 34*y**2 - 17088*y - 7012. What is p(503)?
30
Let i(o) = -11448*o - 423556. Calculate i(-37).
20
Let d(b) = -1943*b - 104845. What is d(-54)?
77
Let q(m) = 3*m**3 + 176*m**2 + 1431*m + 436. Determine q(-49).
-54
Let y(z) = -3*z**3 + 195*z**2 - 11*z + 720. Determine y(65).
5
Let n(x) = -x**3 - 78*x**2 + 830*x - 1133. Determine n(8).
3
Let o(f) = -25120*f - 452154. What is o(-18)?
6
Let z(g) = g**3 - 25*g**2 - 1093*g + 26804. Determine z(24).
-4
Let v(y) = -2221*y + 1158. Give v(0).
1158
Let m(k) = 11*k**2 + 1309*k + 1188. Determine m(-118).
-110
Let x(j) = -j**2 + 897*j + 147558. Give x(-142).
20
Let v(z) = 151937*z - 1215483. Calculate v(8).
13
Let u(j) = j**3 - 33*j**2 + 5085*j - 173980. Give u(34).
66
Let f(p) = -2450*p - 12587. Determine f(-5).
-337
Let h(w) = 624*w + 21460. What is h(-35)?
-380
Let u(k) = -k**3 + 505*k**2 - 63712*k - 3612. Calculate u(258).
0
Let m(u) = -2*u**3 + 295*u**2 - 4090*u - 67. Determine m(132).
197
Let a(t) = 457503*t + 1372504. What is a(-3)?
-5
Let w(a) = -a**3 - 47*a**2 - 25*a + 1075. What is w(-46)?
109
Let m(o) = 452833*o - 1358499. Give m(3).
0
Let k(s) = -51288*s - 51283. Give k(-1).
5
Let z(d) = -1749*d - 207423. Give z(-118).
-1041
Let i(o) = -o**3 + 27*o**2 + 147*o - 1397. What is i(30)?
313
Let x(b) = b**3 + 6*b**2 - 287*b + 1138. Determine x(4).
150
Let y(g) = 1222*g - 472985. What is y(387)?
-71
Let l(p) = 6557*p - 91813. Determine l(14).
-15
Let s(q) = -649*q**2 + 22*q + 231. What is s(3)?
-5544
Let q(x) = -3*x**2 - 68*x - 258. What is q(-4)?
-34
Let g(m) = -6*m**2 + 132*m + 283. What is g(29)?
-935
Let s(b) = -16*b**2 - 863*b + 1744. Give s(-58).
-2026
Let u(m) = -1003*m - 114563. Give u(-114).
-221
Let h(i) = 77*i + 80. Determine h(2).
234
Let b(z) = -2*z**2 - 8*z - 17. Give b(3).
-59
Let j(b) = -58*b**2 - 13634*b - 860. What is j(-235)?
80
Let l(s) = 7665*s + 245280. Calculate l(-32).
0
Let b(h) = 7*h - 591. Calculate b(65).
-136
Let a(c) = c**3 - 49*c**2 - 17*c + 5166. Give a(47).
-51
Let b(o) = -2*o**2 - 38503*o - 423282. What is b(-11)?
9
Let x(i) = -3265*i + 19709. Determine x(6).
119
Let l(q) = 218*q**2 - 401*q + 25. Give l(0).
25
Let s(a) = 31241*a + 2311758. What is s(-74)?
-76
Let f(q) = -q**3 + 870*q**2 + 6132*q - 53. Calculate f(-7).
-4
Let t(w) = 1836*w + 14890. What is t(-8)?
202
Let m(c) = -25*c**2 - 650*c + 62. Give m(-26).
62
Let v(h) = 443996*h - 4439943. What is v(10)?
17
Let t(c) = -1007*c + 35647. What is t(35)?
402
Let q(k) = -12*k**2 + 127*k - 302. What is q(5)?
33
Let u(c) = c**3 - 104*c**2 + 493*c + 213. Calculate u(99).
15
Let n(q) = 3*q**3 + 60*q**2 - 9108*q - 39. Give n(46).
-39
Let p(g) = 11*g**3 - 24*g**2 + 137*g - 475. Calculate p(5).
985
Let a(g) = 5*g**2 - 1161*g + 1046. Calculate a(231).
-340
Let j(f) = 2*f**2 + 295*f + 910. What is j(0)?
910
Let v(k) = -k**2 + 7049*k + 63517. Calculate v(-9).
-5
Let u(z) = 779*z - 97464. Give u(125).
-89
Let i(f) = 194275*f - 3302671. What is i(17)?
4
Let d(x) = -2*x**3 - 1039*x**2 + 21071*x + 26947. What is d(-539)?
-3
Let s(r) = 26*r**3 + 104*r**2 - 142*r - 564. Give s(-4).
4
Let o(u) = -u**3 + 91*u**2 + 1348*u + 103. Determine o(104).
-313
Let b(p) = -3310*p - 31788. Calculate b(-10).
1312
Let f(g) = g**3 - 25*g**2 - 18*g + 2012. Give f(19).
-496
Let w(x) = 4*x**2 + 563*x - 3085. Give w(-146).
-19
Let b(k) = 9086*k + 545111. Determine b(-60).
-49
Let d(r) = 117*r**2 - 24*r - 74. Determine d(0).
-74
Let c(k) = k**3 + 150*k**2 + 322*k + 3791. Determine c(-148).
-57
Let y(o) = -o**3 + 88*o**2 - 879*o + 96. What is y(77)?
-2368
Let l(b) = 123*b - 64. Calculate l(11).
1289
Let x(a) = -259*a + 4686. Calculate x(18).
24
Let x(b) = -6*b**3 - 153*b**2 - 631*b - 53. Determine x(-5).
27
Let l(n) = -128*n**2 - 31*n. What is l(3)?
-1245
Let n(f) = -7*f**2 + 456*f + 418. Calculate n(67).
-453
Let s(u) = -66*u**2 - 4554*u + 126. Give s(-69).
126
Let g(x) = -2*x**2 + 704*x - 19329. Calculate g(30).
-9
Let w(h) = 5067*h - 420575. What is w(83)?
-14
Let p(q) = 2352*q + 21876. Determine p(-10).
-1644
Let p(b) = -8038*b + 120543. Calculate p(15).
-27
Let b(y) = 5*y**2 - 616*y - 7981. Give b(135).
-16
Let r(c) = -c**3 - 168*c**2 - 6162*c - 700. Calculate r(-114).
-16
Let v(a) = 8*a**2 + 403*a + 543. What is v(-53)?
1656
Let i(f) = -14*f**2 - 1941*f + 23785. Determine i(-150).
-65
Let q(h) = -h**3 + 13*h**2 + 9*h